s -25056 - 20?
-25076
In base 5, what is 0 + -3441?
-3441
In base 12, what is -78 - -2447?
238b
In base 9, what is -8442 - -33?
-8408
In base 5, what is -100113231 - 10?
-100113241
In base 12, what is 1a25199 + 0?
1a25199
In base 15, what is -5 - 3594a?
-35950
In base 16, what is 9 + 1c07d?
1c086
In base 9, what is -4604 + 6?
-4587
In base 9, what is -2657 + -21?
-2678
In base 5, what is -2233134 + 213?
-2232421
In base 10, what is 94 - -626?
720
In base 5, what is 23214 + -311?
22403
In base 12, what is 36 - -1551?
1587
In base 6, what is 11400053 - 5?
11400044
In base 2, what is -111 - 111001001010011?
-111001001011010
In base 3, what is 1221010222 - -10?
1221011002
In base 6, what is -344 - 12?
-400
In base 7, what is 31 + -24424?
-24363
In base 15, what is 34 + -98d9?
-98a5
In base 7, what is -351 - -41?
-310
In base 4, what is -102 - -3030212?
3030110
In base 11, what is -9 - -79054?
79046
In base 8, what is 0 + -171452?
-171452
In base 15, what is -2a297 - -6?
-2a291
In base 9, what is 1635 - -2308?
4044
In base 16, what is 1f - 872?
-853
In base 8, what is 0 - 37202?
-37202
In base 15, what is -5 + -546d?
-5473
In base 2, what is 100 + 11010110000001?
11010110000101
In base 14, what is -11 + 156c?
155b
In base 6, what is 5331223 - 2?
5331221
In base 8, what is 50 + 213544?
213614
In base 8, what is 30324 + -34?
30270
In base 12, what is 175b7 - -5?
17600
In base 11, what is -3 + 14898?
14895
In base 16, what is 25e4 + 7?
25eb
In base 8, what is 5 + 456201?
456206
In base 14, what is 5765a - -1?
5765b
In base 15, what is d2d6 - -1?
d2d7
In base 8, what is -15652 - -6?
-15644
In base 2, what is 11 + 1100110010?
1100110101
In base 6, what is -110523 - 30?
-110553
In base 2, what is 0 + -111001111100?
-111001111100
In base 3, what is 1111212 - -1010221?
2122210
In base 11, what is -1443 - -290?
-1163
In base 2, what is -1001110 + -10000001110?
-10001011100
In base 2, what is -1011110 - -101001001?
11101011
In base 5, what is -4142123402 + 4?
-4142123343
In base 11, what is 67650 + -6?
67645
In base 6, what is 4115053 - 10?
4115043
In base 10, what is -3 - 4?
-7
In base 8, what is 2437 + -7?
2430
In base 13, what is 11b + -194?
-76
In base 8, what is 3 + -10642?
-10637
In base 7, what is -4263 + 4?
-4256
In base 13, what is 200 - 972?
-772
In base 11, what is -48 + 6350?
6303
In base 3, what is -121201 + 10111?
-111020
In base 11, what is 46463 - -6?
46469
In base 12, what is 31225 - 5?
31220
In base 2, what is -1001001001 - -1110001110?
101000101
In base 10, what is 2 + -105624?
-105622
In base 13, what is 4 + 10b9?
10c0
In base 5, what is 1 - 10344212?
-10344211
In base 9, what is -180 - -1260?
1070
In base 8, what is 17147 + -167?
16760
In base 5, what is 30114 + -23?
30041
In base 13, what is -a0b0 - 4?
-a0b4
In base 5, what is 11022 - -10?
11032
In base 13, what is -14 + 51987?
51973
In base 7, what is 3 - -260362?
260365
In base 9, what is 22865 - 5?
22860
In base 4, what is 20 - -333301?
333321
In base 3, what is -10020021012 + -1?
-10020021020
In base 3, what is -20020212 - 1010?
-20021222
In base 12, what is -367430 - -2?
-36742a
In base 11, what is -4 + 49a7?
49a3
In base 2, what is -1001011 - -10110000?
1100101
In base 16, what is debc - -f?
decb
In base 3, what is -10 + -210212021?
-210212101
In base 5, what is 32120 - 2?
32113
In base 15, what is 85 - 1504?
-146e
In base 11, what is -3465 + -465?
-391a
In base 15, what is 5 - 4338?
-4333
In base 15, what is -1 - -7161?
7160
In base 9, what is -5 - 580830?
-580835
In base 7, what is -1062 + -3155?
-4250
In base 4, what is -3 - -11002031?
11002022
In base 9, what is 205 - -2460?
2665
In base 9, what is -45635 - 3?
-45638
In base 6, what is -112 - 24535?
-25051
In base 11, what is -a3581a - 3?
-a35822
In base 16, what is -9 + 9034?
902b
In base 4, what is -1122100330 + 2?
-1122100322
In base 14, what is -5d4 - -4b8?
-11a
In base 4, what is 3 - -1032131?
1032200
In base 4, what is -111 - 113012330?
-113013101
In base 9, what is -28 + -105438?
-105467
In base 9, what is 233262 - -5?
233267
In base 4, what is -102012 - 112?
-102130
In base 12, what is 6188 - -1?
6189
In base 9, what is -1 + -47411?
-47412
In base 15, what is 28d - -628?
8b6
In base 8, what is -5 - -23723?
23716
In base 9, what is 11102565 - -3?
11102568
In base 7, what is 1135051 - -5?
1135056
In base 7, what is 34545 + 4?
34552
In base 3, what is 12 + 1001122?
1001211
In base 4, what is -221032 - 1022?
-222120
In base 6, what is -12 - 554502?
-554514
In base 3, what is -10112112020 - 11?
-10112112101
In base 6, what is 10535343 - 21?
10535322
In base 10, what is 54 + -68?
-14
In base 6, what is -3320 + 122?
-3154
In base 4, what is 122211 - 232?
121313
In base 11, what is -1228 - -1?
-1227
In base 7, what is -4 + 214315?
214311
In base 15, what is -ee7 - -a?
-edc
In base 6, what is -140 + -1553423?
-1554003
In base 9, what is 71 - -4044?
4125
In base 5, what is -21 + 14043302?
14043231
In base 8, what is -373206 + 2?
-373204
In base 7, what is -3 - -1566260?
1566254
In base 7, what is 13 - -426?
442
In base 4, what is -2112003 - -1?
-2112002
In base 11, what is 21 + -1689?
-1668
In base 10, what is -1675 - -1?
-1674
In base 15, what is 91 - 82a?
-789
In base 10, what is -1264468 + 5?
-1264463
In base 14, what is -13 - -7d9?
7c6
In base 13, what is -1b94b4 + -6?
-1b94ba
In base 14, what is -142a44d + -4?
-142a453
In base 2, what is -101011000101010001 - 11?
-101011000101010100
In base 6, what is -21 + 4002?
3541
In base 12, what is 74 - -4699?
4751
In base 6, what is 202 - 5423?
-5221
In base 15, what is 5 + 1b96?
1b9b
In base 5, what is -1 - -2000134?
2000133
In base 14, what is 18c8 - -21?
1909
In base 15, what is 11 + 6bec?
6c0d
In base 9, what is -370 + 273?
-86
In base 4, what is 10 - 3310130?
-3310120
In base 15, what is 3182 - -a?
318c
In base 11, what is -5145 - -282?
-4973
In base 14, what is 11a5 + c4?
1289
In base 6, what is 45430 + -13?
45413
In base 7, what is 1503042 - 3?
1503036
In base 12, what is -62a8 + -20?
-6308
In base 9, what is -7 - -12687?
12680
In base 3, what is 212220 - -120?
220110
In base 7, what is -5406 + 6?
-5400
In base 8, what is 1 + -2303204?
-2303203
In base 6, what is -443 + 13255?
12412
In base 11, what is -59727 - 29?
-59755
In base 7, what is -61041 + -314?
-61355
In base 9, what is 523 + -5570?
-5046
In base 6, what is 415 + -550?
-131
In base 8, what is -4 - -245355?
245351
In base 6, what is 2020 - -22?
2042
In base 16, what is 0 - -f1bf?
f1bf
In base 9, what is 37884 - -50?
38044
In base 16, what is 4 - -33c6c?
33c70
In base 10, what is 0 + 189675?
189675
In base 10, what is 2169572 + -3?
2169569
In base 12, what is -4 - a30b?
-a313
In base 16, what is -8 - 68c5?
-68cd
In base 13, what is 0 + -9222?
-9222
In base 13, what is 7390 + 4?
7394
In base 9, what is 3 + -250450?
-250446
In base 10, what is -63361 + -2?
-63363
In base 4, what is 22201 - 320?
21221
In base 11, what is 3 - 19385?
-19382
In base 9, what is 2 - 81650?
-81647
In base 16, what is 1d574 - 3?
1d571
In base 12, what is -17 + -9a845?
-9a860
In base 10, what is 116098 - 4?
116094
In base 3, what is -200122201 + 11?
-200122120
In base 10, what is 72 - -4800?
4872
In base 8, what is -203 - 127?
-332
In base 14, what is 726808 - -2?
72680a
In base 11, what is -4776 + 3?
-4773
In base 11, what is -1a - 2578?
-2597
In base 3, what is 112002111 + 11021?
112020202
In base 3, what is 101001111002 + 0?
101001111002
In base 11, what is -7 + -11789?
-11795
In base 10, what is -28 - 47?
-75
In base 2, what is -1011011100 - 11100?
-1011111000
In base 14, what is -2 - -9052?
9050
In base 7, what is -126 - -43432?
43303
In base 8, what is 4 - -522343?
522347
In base 10, what is -301 + 10368?
10067
In base 14, what is 4 + -db30?
-db2a
In base 4, what is 12332000 - -10?
12332010
In base 13, what is 131 + -156?
-25
In base 3, what is 1 + 200020112?
200020120
In base 7, what is 21126 - 0?
21126
In base 4, what is 332331213 - 0?
332331213
In base 14, what is 5 - -1321b?
13222
In base 11, what is -5575 + -4aa?
-5a74
In base 4, what is -12222 + -2212?
-21100
In base 9, what is 51 - 6868?
-6817
In base 7, what is -5363 + -343?
-6036
In base 8, what is -165211 + 1?
-165210
In base 12, what is 7 + 783b?
7846
In base 10, what is -2